 be (49/(-2) - 2)*-12. Suppose -14*l + 16*l - 266 = 0. Let i = t - l. Is i composite?
True
Let w(y) = 100*y**2 + 43*y - 8. Is w(-13) a prime number?
True
Suppose 2*a = -2*w - 0*w + 16106, -3*a = -4*w - 24131. Is a composite?
True
Suppose -3*r + 2*m = -2*m + 68, 0 = -3*r + m - 53. Let x = -11 - r. Suppose 97 = x*b - 238. Is b a composite number?
False
Is 3134*((-33)/2)/(-3) a composite number?
True
Let m(r) = 5*r**2 + 7*r - 9. Is m(-13) composite?
True
Let z = 87 + -142. Let s = z - -254. Is s a prime number?
True
Let s = -27 - -20. Is s/(-2)*(-1464)/(-42) a prime number?
False
Let y(k) = -24282*k**3 - k**2 + 7*k + 7. Is y(-1) prime?
True
Let z(b) = -b**3 - 25*b**2 - 21*b - 299. Is z(-30) composite?
False
Let y = -14 - -14. Suppose -a = y, 3*j = -0*j + 3*a + 318. Is j composite?
True
Suppose 2*n - 1325 = -c, 1317 = c + 6*n - 2*n. Is c prime?
False
Is 180/(-60)*(-19157)/3 composite?
False
Let f(o) = 107*o + 10. Let b = -1 + 4. Is f(b) composite?
False
Let v(b) = 26*b**2 - 8*b - 7. Let a be v(-6). Suppose a = 3*i - 1462. Is i composite?
True
Let g = 13 - 18. Let k be 22/8 + g/(-20). Suppose -5*b - s = s - 339, k*s - 6 = 0. Is b a composite number?
False
Let t = 1057 + -48. Is t a prime number?
True
Suppose 3*n = -5*a + 213, 8*a = 7*a - 5*n + 25. Let v be (-83)/(-1) - 1/1. Let d = v + a. Is d a composite number?
False
Let k be (-22)/(-99) - (-2 + (-3146)/18). Let c(r) = r**2 - r. Let z be c(2). Suppose -k + 11 = -z*i. Is i a prime number?
True
Let s = 40 + -36. Suppose 7*z - s = 17. Is z a prime number?
True
Let r = -2063 - -1301. Let f = -199 - r. Is f a composite number?
False
Suppose -16 = -3*i - 2*i + s, 0 = 2*s + 2. Suppose w + 2 = -i*d, -2*d + 2*w = 2*d - 14. Is d - -78 - (-4 + 6) a composite number?
True
Let u(d) = -450*d**3 - 2*d**2 - 2*d - 1. Let r be u(-1). Let f = -156 + r. Is f a composite number?
False
Suppose -2*k + 1008 = -4562. Is k a composite number?
True
Let r(p) = 1997*p + 293. Is r(12) a prime number?
False
Suppose -5*n + 4*z + 4007 = 0, 3*n - 20 - 2393 = -2*z. Is n a composite number?
True
Suppose 5*n = 2*y + 10903, 524 + 1659 = n - y. Is n a composite number?
False
Let d(t) = -41*t + 7. Let u be ((-4)/(-5))/(4/(-10)). Is d(u) composite?
False
Suppose 9 = -4*k - 7. Is (k/(-12))/(-2*2/(-2388)) a composite number?
False
Let r(h) = -h**3 + 22*h**2 + 32*h + 6. Let d(w) = 5*w**3 - 87*w**2 - 129*w - 23. Let u(y) = 2*d(y) + 9*r(y). Is u(-21) a composite number?
False
Suppose -6*f + 80*f = 1344358. Is f a composite number?
True
Let c(o) = 448*o + 14. Let k(y) = 448*y + 15. Let r(n) = -2*c(n) + 3*k(n). Is r(3) a composite number?
False
Let l(a) = 39*a**2 - 9*a - 2. Let v be l(-7). Suppose 568 + v = 5*w. Is w*(-3)/24*-2 a composite number?
False
Suppose -23*b + 183370 = -342709. Is b prime?
False
Let n = 9920 + 6159. Is n a prime number?
False
Suppose 2*f - 3*f = -4. Suppose -11 = -f*b - 2*t + t, 0 = 3*b + 5*t - 21. Suppose -2*i = -i + b*s - 71, 3*i + 4*s = 213. Is i composite?
False
Suppose 0 = -1034*j + 1028*j + 18. Suppose -3*v + 36 - 9 = 0. Is (347/j)/(3/v) a composite number?
False
Suppose -2*p + g = 3*p - 12307, 0 = -4*g + 12. Is p prime?
False
Suppose 2715 = c + 3*r, 21*c - 13599 = 16*c - 3*r. Is c a composite number?
True
Is ((-96)/(-18))/(-8) + (-56938)/(-6) composite?
True
Let x(b) be the second derivative of 13*b**3/6 + 5*b**2 + 38*b. Is x(13) a composite number?
False
Let x(n) = n**3 - 6*n**2 - n + 3. Let l(f) = -2*f**2 - 9*f + 2. Let i be l(-4). Let j be x(i). Is (-3)/((-2)/(-44)*j) composite?
True
Is (7 + (-120438)/12)/((-1)/2) prime?
False
Let c be (30/4)/(-5)*-2. Suppose 321 - 54 = c*v. Suppose -5*r = -v - 246. Is r a composite number?
False
Let y = 828 - -259. Is y a composite number?
False
Let d(o) = o**2 + 2*o + 2521. Let n(a) = a**3 - 4*a**2. Let w be n(4). Is d(w) composite?
False
Suppose -7 = 4*w + 9. Is -10 + (-57)/(-6) - 6526/w a composite number?
True
Let h = 6746 + -3655. Is h composite?
True
Let f(c) be the second derivative of 88*c**3/3 - 7*c**2/2 + 13*c. Is f(6) a composite number?
False
Let m(x) = x**3 - 6*x**2 + 3*x + 3. Let w be m(4). Let h(u) = -4*u - 21. Is h(w) composite?
False
Suppose -7*d + 119451 = 3*z - 11*d, 0 = -2*z + d + 79639. Is z a prime number?
True
Suppose 0 = 4*d - 16 - 4. Let n(z) = 23*z**2 - 2*z + 7. Let v be n(d). Suppose 0 = 5*f - f - v. Is f a composite number?
True
Let s(o) = 11*o**2 + 6*o + 4*o**2 - 103 + 102. Is s(10) a composite number?
False
Let y(v) = -v - 8 + 8 - 23*v**2 - 150*v**2. Let z be y(2). Let m = -483 - z. Is m prime?
True
Suppose 0 = 3*n + 1 - 16. Suppose -n*q = -11*q + 1482. Is q prime?
False
Suppose -9*g = -1977 + 231. Is g prime?
False
Let b(z) = 2223*z**2 - z + 13. Is b(3) a composite number?
True
Is ((-2)/16*-4820)/(1/2) composite?
True
Suppose 232 = -4*k - 460. Let s = -250 - k. Is (1 + -4)/3*s a prime number?
False
Let k(h) = h - 3. Let f be k(-5). Let i(y) = -y**2 - 13*y - 10. Let b be i(f). Is 6345/b - (-1)/(-2) a prime number?
True
Let k = -7 + 12. Suppose -3*b + 2*y + 48 = -20, -4*y - 114 = -k*b. Is b composite?
True
Suppose -5*i + 2*i = 8841. Let r = -378 - i. Suppose 543 + r = 8*v. Is v a prime number?
True
Let o = 21653 + -9352. Is o a composite number?
False
Suppose -2*s + 10 = 0, 3*n + 2*n + 2*s + 90 = 0. Let o = 23 + n. Suppose o*f - 761 = 2*u, 4 = -u - 0. Is f a composite number?
False
Let l(v) = 55*v**3 + v. Let b be l(1). Is -5 + (-6)/(-3) + b a composite number?
False
Suppose -7*a = -10*a + 30. Let w(o) = 19 - a - 2*o + 7 + 5*o**2 + 8*o. Is w(-7) a prime number?
False
Let z(o) = 11*o**2 + 14*o - 3. Let w be z(-6). Let h = w - 50. Is h prime?
False
Let m = 133 - 286. Let r(z) = -7*z**2 + 7*z + 2. Let f be r(-6). Let w = m - f. Is w a prime number?
True
Let h = -2247 - -8828. Is h a composite number?
False
Let v(p) = -p**3 + p**2 - 2*p + 5. Let g be v(0). Suppose 5*d - 7*w = -3*w + 2337, -w - 2343 = -g*d. Is d a prime number?
False
Let r = 4 - 2. Let s = 114 + -124. Is 14/s*(-10)/r a composite number?
False
Suppose 0 = 3*j + 2*m - 7819, j + 5*m = -0*j + 2615. Is j prime?
False
Let x(g) = -g**2 - g + 2. Let p be x(-3). Let v be (8/(-5))/(p/10). Suppose -r - 2*t + 475 = 0, 3*r - v*t - 926 = r. Is r composite?
True
Suppose 4 = 3*a + 1. Let j(w) = -264*w**3 - 2*w**2 - 2*w + 5. Let r(t) = -265*t**3 - 3*t**2 - 2*t + 6. Let y(h) = -5*j(h) + 4*r(h). Is y(a) composite?
True
Let b(q) = -q**3 + 69*q**2 + 31*q + 40. Is b(45) composite?
True
Suppose 0 = -2*x + a + 60483, 0 = x + 3*a - 1735 - 28489. Is x a prime number?
False
Suppose 9393 = b + 3324. Suppose n = -5*r + 10283 + b, 3259 = r + 4*n. Is r composite?
False
Let x = 1599 - -2758. Is x a prime number?
True
Let w = 55 + -57. Let j(c) = -1167*c - 5. Is j(w) composite?
True
Suppose 8*b + 41 = 201. Let t = b - 7. Is t composite?
False
Suppose -5*o + 2*o = 0. Suppose 942 = 2*h - o*h. Is h composite?
True
Is (-6)/21 + 1168475/245 composite?
True
Is (-708)/(-30) + 9/(-15) composite?
False
Let i(t) = -3*t**3 + 7*t**2 - 5*t + 27. Is i(-20) prime?
True
Let x(y) = 5*y + 6. Let v be x(-1). Is ((-3)/12)/(10527/(-10524) + v) a prime number?
True
Suppose 3*p + 13*j - 50909 = 9*j, -16973 = -p - 2*j. Is p a composite number?
False
Let m(q) = 21775*q - 642. Is m(5) composite?
False
Suppose 5 + 10 = 3*q. Suppose -5*p - 4*y - 424 = -p, -q*y = -4*p - 442. Let i = p - -159. Is i a prime number?
False
Let y(b) = -27*b - 4. Let x(t) = -t**3 - 11*t**2 - 10*t - 2. Let w be x(-10). Let o be ((-20)/(-30))/(w/21). Is y(o) prime?
False
Let s = 3247 + -654. Suppose -2*t + 7*t + 3210 = 5*z, t = -4*z + s. Is z composite?
False
Let b(t) = 2*t**2 + t**2 - t + 5*t**3 - 2564 + 2562. Is b(3) a composite number?
False
Suppose -3*s = -2*s - 3. Suppose -4*p + 949 = -s*p. Is p a prime number?
False
Is 1 - -10 - (-1270566)/31 a prime number?
False
Suppose -2*y = -4*y + 4682. Let v = y - 1017. Is ((-2)/2)/((-4)/v) a prime number?
True
Let o be (-1 - -167)*15/10. Suppose -t - 2*t = -o. Is t a composite number?
False
Let v be ((-30)/4)/(1/2). Let r be (-4)/(-6) + (-2 - 8/(-6)). Is v*(r + 71/(-3)) a prime number?
False
Is (-1 - -39823)*(-13)/(-78) a prime number?
True
Suppose 11*c = 6*c + 10. Is (-684 - (1 - c))*1/(-1) a prime number?
True
Is ((-85)/(-17))/((-2)/(-622)) a composite number?
True
Let u(j) be the first derivative of 222*j**2 + j - 